st the prime factors of 23730.
2, 3, 5, 7, 113
List the prime factors of 56440.
2, 5, 17, 83
List the prime factors of 6307.
7, 17, 53
List the prime factors of 1374.
2, 3, 229
List the prime factors of 21799.
21799
List the prime factors of 3032.
2, 379
What are the prime factors of 645?
3, 5, 43
List the prime factors of 34970.
2, 5, 13, 269
What are the prime factors of 30251?
13, 179
List the prime factors of 370.
2, 5, 37
What are the prime factors of 4383?
3, 487
List the prime factors of 1201.
1201
What are the prime factors of 1740?
2, 3, 5, 29
What are the prime factors of 1758?
2, 3, 293
List the prime factors of 38298.
2, 3, 13, 491
What are the prime factors of 81401?
81401
List the prime factors of 3333.
3, 11, 101
What are the prime factors of 1112?
2, 139
What are the prime factors of 6573?
3, 7, 313
What are the prime factors of 842?
2, 421
What are the prime factors of 49807?
49807
What are the prime factors of 631?
631
What are the prime factors of 7919?
7919
What are the prime factors of 4536?
2, 3, 7
List the prime factors of 155.
5, 31
List the prime factors of 2142.
2, 3, 7, 17
List the prime factors of 12117.
3, 7, 577
List the prime factors of 2475.
3, 5, 11
What are the prime factors of 5318?
2, 2659
List the prime factors of 600.
2, 3, 5
What are the prime factors of 2468?
2, 617
What are the prime factors of 4047?
3, 19, 71
List the prime factors of 5624.
2, 19, 37
List the prime factors of 406.
2, 7, 29
What are the prime factors of 1389?
3, 463
List the prime factors of 4622.
2, 2311
What are the prime factors of 568?
2, 71
What are the prime factors of 12262?
2, 6131
List the prime factors of 21525.
3, 5, 7, 41
List the prime factors of 20682.
2, 3, 383
What are the prime factors of 15189?
3, 61, 83
What are the prime factors of 1067?
11, 97
What are the prime factors of 1149?
3, 383
List the prime factors of 256.
2
What are the prime factors of 124909?
124909
List the prime factors of 77578.
2, 79, 491
List the prime factors of 577.
577
List the prime factors of 21006.
2, 3, 389
List the prime factors of 2855.
5, 571
What are the prime factors of 2965?
5, 593
List the prime factors of 32580.
2, 3, 5, 181
List the prime factors of 75133.
75133
List the prime factors of 1553.
1553
What are the prime factors of 27879?
3, 9293
List the prime factors of 10338.
2, 3, 1723
What are the prime factors of 72498?
2, 3, 43, 281
List the prime factors of 16043.
61, 263
List the prime factors of 14771.
14771
What are the prime factors of 2001?
3, 23, 29
List the prime factors of 5458.
2, 2729
What are the prime factors of 1024?
2
What are the prime factors of 13996?
2, 3499
What are the prime factors of 28047?
3, 9349
List the prime factors of 1317.
3, 439
List the prime factors of 10049.
13, 773
List the prime factors of 1237.
1237
What are the prime factors of 15300?
2, 3, 5, 17
List the prime factors of 34757.
34757
List the prime factors of 4695.
3, 5, 313
What are the prime factors of 1850?
2, 5, 37
List the prime factors of 8201.
59, 139
List the prime factors of 53738.
2, 97, 277
What are the prime factors of 2102?
2, 1051
What are the prime factors of 96?
2, 3
List the prime factors of 120794.
2, 60397
List the prime factors of 4331.
61, 71
What are the prime factors of 3274?
2, 1637
List the prime factors of 11838.
2, 3, 1973
List the prime factors of 109715.
5, 21943
What are the prime factors of 16437?
3, 5479
What are the prime factors of 68243?
7, 9749
What are the prime factors of 1530?
2, 3, 5, 17
List the prime factors of 22458.
2, 3, 19, 197
What are the prime factors of 45274?
2, 22637
What are the prime factors of 1154?
2, 577
List the prime factors of 2926.
2, 7, 11, 19
List the prime factors of 820.
2, 5, 41
List the prime factors of 3184.
2, 199
List the prime factors of 2943.
3, 109
What are the prime factors of 28152?
2, 3, 17, 23
What are the prime factors of 2585?
5, 11, 47
What are the prime factors of 5385?
3, 5, 359
List the prime factors of 2030.
2, 5, 7, 29
What are the prime factors of 692?
2, 173
List the prime factors of 1644.
2, 3, 137
List the prime factors of 135.
3, 5
What are the prime factors of 10191?
3, 43, 79
What are the prime factors of 728?
2, 7, 13
What are the prime factors of 10600?
2, 5, 53
What are the prime factors of 1462?
2, 17, 43
What are the prime factors of 37453?
13, 43, 67
What are the prime factors of 15023?
83, 181
What are the prime factors of 2017?
2017
What are the prime factors of 579?
3, 193
What are the prime factors of 117170?
2, 5, 11717
List the prime factors of 15465.
3, 5, 1031
List the prime factors of 15730.
2, 5, 11, 13
List the prime factors of 5804.
2, 1451
What are the prime factors of 7616?
2, 7, 17
List the prime factors of 14669.
14669
List the prime factors of 8559.
3, 317
List the prime factors of 8346.
2, 3, 13, 107
What are the prime factors of 1163?
1163
What are the prime factors of 3109?
3109
What are the prime factors of 10469?
19, 29
What are the prime factors of 1156?
2, 17
List the prime factors of 5483.
5483
List the prime factors of 6382.
2, 3191
What are the prime factors of 19698?
2, 3, 7, 67
List the prime factors of 55561.
11, 5051
What are the prime factors of 1140?
2, 3, 5, 19
List the prime factors of 22436.
2, 71, 79
What are the prime factors of 2573?
31, 83
List the prime factors of 19462.
2, 37, 263
What are the prime factors of 557?
557
List the prime factors of 39646.
2, 43, 461
What are the prime factors of 10618?
2, 5309
List the prime factors of 3356.
2, 839
List the prime factors of 691.
691
What are the prime factors of 133533?
3, 37, 401
What are the prime factors of 318?
2, 3, 53
What are the prime factors of 1964?
2, 491
What are the prime factors of 118400?
2, 5, 37
What are the prime factors of 9812?
2, 11, 223
List the prime factors of 61571.
23, 2677
What are the prime factors of 527?
17, 31
What are the prime factors of 165?
3, 5, 11
What are the prime factors of 6071?
13, 467
What are the prime factors of 36883?
7, 11, 479
What are the prime factors of 6212?
2, 1553
What are the prime factors of 1620?
2, 3, 5
List the prime factors of 4635.
3, 5, 103
What are the prime factors of 817?
19, 43
What are the prime factors of 1321?
1321
What are the prime factors of 18394?
2, 17, 541
List the prime factors of 759.
3, 11, 23
What are the prime factors of 1424?
2, 89
What are the prime factors of 31611?
3, 41, 257
List the prime factors of 2896.
2, 181
What are the prime factors of 17589?
3, 11, 13, 41
List the prime factors of 656.
2, 41
What are the prime factors of 16246?
2, 8123
What are the prime factors of 11966?
2, 31, 193
List the prime factors of 811.
811
What are the prime factors of 898?
2, 449
List the prime factors of 7690.
2, 5, 769
List the prime factors of 2800.
2, 5, 7
What are the prime factors of 14232?
2, 3, 593
List the prime factors of 9891.
3, 7, 157
List the prime factors of 20597.
43, 479
What are the prime factors of 65419?
65419
What are the prime factors of 558?
2, 3, 31
List the prime factors of 3200.
2, 5
List the prime factors of 75565.
5, 7, 17, 127
List the prime factors of 2268.
2, 3, 7
What are the prime factors of 1126?
2, 563
What are the prime factors of 13065?
3, 5, 13, 67
What are the prime factors of 4452?
2, 3, 7, 53
List the prime factors of 9061.
13, 17, 41
List the prime factors of 3251.
3251
List the prime factors of 5204.
2, 1301
List the prime factors of 7961.
19, 419
What are the prime factors of 6159?
3, 2053
List the prime factors of 1188.
2, 3, 11
List the prime factors of 3917.
3917
What are the prime factors of 44965?
5, 17, 23
What are the prime factors of 266?
2, 7, 19
List the prime factors of 14937.
3, 13, 383
List the prime factors of 570.
2, 3, 5, 19
What are the prime factors of 5323?
5323
List the prime factors of 8758.
2, 29, 151
What are the prime factors of 90335?
5, 7, 29, 89
What are the prime factors of 51387?
3, 7, 2447
List the prime factors of 2652.
2, 3, 13, 17
What are the prime factors of 212?
2, 53
What are the prime factors of 17794?
2, 7, 31, 41
What are the prime factors of 24692?
2, 6173
List the prime factors of 610.
2, 5, 61
What are the prime factors of 406?
2, 7, 29
What are the prime factors of 10203?
3, 19, 179
What are the p